{"id":853,"date":"2024-05-02T22:00:00","date_gmt":"2024-05-02T20:00:00","guid":{"rendered":"https:\/\/redacozan.fr\/?page_id=853"},"modified":"2024-05-02T22:00:00","modified_gmt":"2024-05-02T20:00:00","slug":"mentions-legales","status":"publish","type":"page","link":"https:\/\/redacozan.fr\/?page_id=853","title":{"rendered":"Mentions l\u00e9gales"},"content":{"rendered":"<h3>RESPONSABLE DE PUBLICATION<\/h3>\n<p>R\u00e9dac Ozan<br \/>\nMadame Lucy EMBARK<br \/>\n2 Rue Jean Jaur\u00e8s Marou\u00e9<br \/>\n22400 LAMBALLE<br \/>\n06 98 56 47 95<\/p>\n<h4 class=\"wp-block-heading has-text-align-center has-featured-color has-text-color has-superbfont-xsmall-font-size\">contact@redacozan.fr<\/h4>\n<h4 class=\"wp-block-heading has-text-align-center has-featured-color has-text-color has-superbfont-xsmall-font-size\"><\/h4>\n<h3>DROITS D\u2019AUTEUR \u2013 COPYRIGHT<\/h3>\n<p>L\u2019ensemble de ce site rel\u00e8ve de la l\u00e9gislation fran\u00e7aise et internationale sur le droit<br \/>\nd\u2019auteur et la propri\u00e9t\u00e9 intellectuelle.<br \/>\nTous droits de reproduction sont r\u00e9serv\u00e9s,<br \/>\ny compris pour les documents photographiques.<\/p>\n<p>La reproduction de tout ou partie de ce site sur un support \u00e9lectronique<br \/>\nquel qu\u2019il soit est formellement interdite sauf autorisation expresse du<br \/>\ndirecteur de la publication.<\/p>\n<p>Informatique et Libert\u00e9s :<br \/>\nVous disposez d\u2019un droit d\u2019acc\u00e8s, de modification, de rectification<br \/>\net de suppression des donn\u00e9es vous concernant<br \/>\n(loi \u201cInformatique et Libert\u00e9s\u201d du 6 Janvier 1978).<br \/>\nPour toute demande, adressez vous \u00e0 : contact@redacozan.fr<\/p>\n<h3>CONCEPTION &amp; DESIGN<\/h3>\n<p>R\u00e9dac Ozan<br \/>\nMadame Lucy EMBARK<br \/>\n2 Rue Jean Jaur\u00e8s Marou\u00e9<br \/>\n22400 LAMBALLE<br \/>\n06 98 56 47 95<\/p>\n<h4 class=\"wp-block-heading has-text-align-center has-featured-color has-text-color has-superbfont-xsmall-font-size\">contact@redacozan.fr<\/h4>\n<h3>WebMaster<\/h3>\n<p>R\u00e9dac Ozan<br \/>\nMadame Lucy EMBARK<br \/>\n2 Rue Jean Jaur\u00e8s Marou\u00e9<br \/>\n22400 LAMBALLE<br \/>\n06 98 56 47 95<\/p>\n<h4 class=\"wp-block-heading has-text-align-center has-featured-color has-text-color has-superbfont-xsmall-font-size\">contact@redacozan.fr<\/h4>\n<h3>HEBERGEMENT<\/h3>\n<p>Hostinger<\/p>\n<p><a href=\"https:\/\/www.hostinger.com\">https:\/\/www.hostinger.com<\/a><\/p>\n","protected":false},"excerpt":{"rendered":"<p>RESPONSABLE DE PUBLICATION R\u00e9dac Ozan Madame Lucy EMBARK 2 Rue Jean Jaur\u00e8s Marou\u00e9 22400 LAMBALLE 06 98 56 47 95 contact@redacozan.fr DROITS D\u2019AUTEUR \u2013 COPYRIGHT L\u2019ensemble de ce site rel\u00e8ve de la l\u00e9gislation fran\u00e7aise et internationale sur le droit d\u2019auteur et la propri\u00e9t\u00e9 intellectuelle. Tous droits de reproduction sont r\u00e9serv\u00e9s, y compris pour les documents [&hellip;]<\/p>\n","protected":false},"author":1,"featured_media":0,"parent":0,"menu_order":0,"comment_status":"closed","ping_status":"closed","template":"","meta":{"footnotes":""},"_links":{"self":[{"href":"https:\/\/redacozan.fr\/index.php?rest_route=\/wp\/v2\/pages\/853"}],"collection":[{"href":"https:\/\/redacozan.fr\/index.php?rest_route=\/wp\/v2\/pages"}],"about":[{"href":"https:\/\/redacozan.fr\/index.php?rest_route=\/wp\/v2\/types\/page"}],"author":[{"embeddable":true,"href":"https:\/\/redacozan.fr\/index.php?rest_route=\/wp\/v2\/users\/1"}],"replies":[{"embeddable":true,"href":"https:\/\/redacozan.fr\/index.php?rest_route=%2Fwp%2Fv2%2Fcomments&post=853"}],"version-history":[{"count":1,"href":"https:\/\/redacozan.fr\/index.php?rest_route=\/wp\/v2\/pages\/853\/revisions"}],"predecessor-version":[{"id":854,"href":"https:\/\/redacozan.fr\/index.php?rest_route=\/wp\/v2\/pages\/853\/revisions\/854"}],"wp:attachment":[{"href":"https:\/\/redacozan.fr\/index.php?rest_route=%2Fwp%2Fv2%2Fmedia&parent=853"}],"curies":[{"name":"wp","href":"https:\/\/api.w.org\/{rel}","templated":true}]}}